{"id":76,"date":"2021-06-19T11:37:55","date_gmt":"2021-06-19T09:37:55","guid":{"rendered":"https:\/\/kwdf.info\/?page_id=76"},"modified":"2021-06-19T11:41:56","modified_gmt":"2021-06-19T09:41:56","slug":"s4","status":"publish","type":"page","link":"https:\/\/www.fcstpauli-museum.de\/kwdfi\/s4\/","title":{"rendered":"Alexander Flick | Cuv\u00e9e Wei\u00dfburgunder-Chardonnay"},"content":{"rendered":"<!--themify_builder_content-->\n<div id=\"themify_builder_content-76\" data-postid=\"76\" class=\"themify_builder_content themify_builder_content-76 themify_builder tf_clear\">\n                    <div  data-lazy=\"1\" class=\"module_row themify_builder_row tb_bgl3251 tb_first tf_w\">\n                        <div class=\"row_inner col_align_top tb_col_count_1 tf_box tf_rel\">\n                        <div  data-lazy=\"1\" class=\"module_column tb-column col-full tb_8lo3252 first\">\n                    <!-- module text -->\n<div  class=\"module module-text tb_1ukt60   \" data-lazy=\"1\">\n        <div  class=\"tb_text_wrap\">\n        <h1>Alexander Flick | Cuv\u00e9e Wei\u00dfburgunder-Chardonnay<\/h1>    <\/div>\n<\/div>\n<!-- \/module text -->        <\/div>\n                        <\/div>\n        <\/div>\n                        <div  data-lazy=\"1\" class=\"module_row themify_builder_row tb_rkju919 tf_w\">\n                        <div class=\"row_inner col_align_top tb_col_count_1 tf_box tf_rel\">\n                        <div  data-lazy=\"1\" class=\"module_column tb-column col-full tb_s5pt921 first\">\n                    <!-- module image -->\n<div  class=\"module module-image tb_51at884 image-top   tf_mw\" data-lazy=\"1\">\n        <div class=\"image-wrap tf_rel tf_mw\">\n            <img loading=\"lazy\" decoding=\"async\" width=\"2560\" height=\"1704\" src=\"https:\/\/www.fcstpauli-museum.de\/kwdfi\/wp-content\/uploads\/sites\/24\/2021\/06\/SAH_0959-scaled.jpg\" class=\"wp-post-image wp-image-78\" title=\"SAH_0959\" alt=\"Flasche KWdF Weissburgunder-Chardonnay 2 Gl\u00e4ser\" srcset=\"https:\/\/www.fcstpauli-museum.de\/kwdfi\/wp-content\/uploads\/sites\/24\/2021\/06\/SAH_0959-scaled.jpg 2560w, https:\/\/www.fcstpauli-museum.de\/kwdfi\/wp-content\/uploads\/sites\/24\/2021\/06\/SAH_0959-300x200.jpg 300w, https:\/\/www.fcstpauli-museum.de\/kwdfi\/wp-content\/uploads\/sites\/24\/2021\/06\/SAH_0959-1024x682.jpg 1024w, https:\/\/www.fcstpauli-museum.de\/kwdfi\/wp-content\/uploads\/sites\/24\/2021\/06\/SAH_0959-768x511.jpg 768w, https:\/\/www.fcstpauli-museum.de\/kwdfi\/wp-content\/uploads\/sites\/24\/2021\/06\/SAH_0959-1536x1022.jpg 1536w, https:\/\/www.fcstpauli-museum.de\/kwdfi\/wp-content\/uploads\/sites\/24\/2021\/06\/SAH_0959-2048x1363.jpg 2048w\" sizes=\"auto, (max-width: 2560px) 100vw, 2560px\" \/>    \n        <\/div>\n    <!-- \/image-wrap -->\n    \n        <\/div>\n<!-- \/module image -->        <\/div>\n                        <\/div>\n        <\/div>\n                        <div  data-lazy=\"1\" class=\"module_row themify_builder_row tb_trxa124 tf_w\">\n                        <div class=\"row_inner col_align_top tb_col_count_1 tf_box tf_rel\">\n                        <div  data-lazy=\"1\" class=\"module_column tb-column col-full tb_20rb126 first\">\n                    <!-- module text -->\n<div  class=\"module module-text tb_gtt5580   \" data-lazy=\"1\">\n        <div  class=\"tb_text_wrap\">\n        <p>Ein Cuv\u00e9e, wie er sein soll: In diesem Wein aus Rheinhessen treffen zwei Rebsorten aufeinander, die sich perfekt erg\u00e4nzen. W\u00e4hrend der Wei\u00dfburgunder f\u00fcr Fruchtigkeit und Frische sorgt, bringt der Chardonnay einen angenehm cremigen Schmelz mit. Ein vielschichtiges Geschmackserlebnis, das richtig Laune macht!<\/p>\n<p>Deshalb: lieber gleich eine Flasche mehr bestellen, besonders an Heimspieltagen. \ud83d\ude09<\/p>    <\/div>\n<\/div>\n<!-- \/module text --><!-- module text -->\n<div  class=\"module module-text tb_nhog782   \" data-lazy=\"1\">\n        <div  class=\"tb_text_wrap\">\n        <h2>Der Winzer<\/h2>    <\/div>\n<\/div>\n<!-- \/module text --><!-- module text -->\n<div  class=\"module module-text tb_18wf212   \" data-lazy=\"1\">\n        <div  class=\"tb_text_wrap\">\n        <p>Das Weingut von Alexander Flick in Bechtolsheim ist ein Familienunternehmen mit Tradition. Im Herzen Rheinhessens, zwischen Worms, Mainz und Bingen, keltert die Familie Flick seit mehreren Generationen authentische Weine, die eine Geschichte erz\u00e4hlen. Alexander Flick ist seit Jahren ein fester Bestandteil unserer Weinfestes gegen Rassismus, dass jeden Sommer im Millerntor-Stadion stattfindet und bekennender FC St. Pauli Fan. Nur logisch, dass es jetzt endlich auch eine KEIN WEIN DEN FASCHISTEN Edition aus Bechtolsheim gibt.<\/p>\n<blockquote>\n<p style=\"text-align: left;\">Ich als Winzer bin absoluter Antifaschist und sehr froh, bei diesem tollen Projekt dabei sein zu d\u00fcrfen.<\/p>\n<p style=\"text-align: right;\">\u2013 <em>Alexander Flick<\/em><\/p>\n<\/blockquote>    <\/div>\n<\/div>\n<!-- \/module text --><!-- module text -->\n<div  class=\"module module-text tb_r4k761   \" data-lazy=\"1\">\n        <div  class=\"tb_text_wrap\">\n        <h2>Der gute Zweck<\/h2>    <\/div>\n<\/div>\n<!-- \/module text --><!-- module text -->\n<div  class=\"module module-text tb_o6gm900   \" data-lazy=\"1\">\n        <div  class=\"tb_text_wrap\">\n        <p>Politik und Wein: Das geh\u00f6rt f\u00fcr uns ebenso zusammen wie Politik und Fu\u00dfball. Dabei geht es uns nicht um Details zwischen Richtlinien und Reform. Sondern ums Ganze.<\/p>\n<p><strong>Wo Politik draufsteht, ist auch politische Bildung drin.<\/strong>\u00a0Das gilt f\u00fcr den Verkauf unserer Produkte \u00fcber eigene Kan\u00e4le und den Einzelhandel ebenso wie f\u00fcr den Ausschank in der Gastronomie. Denn auch die Gastro-Konditionen beinhalten eine Spende f\u00fcr antirassistische Projekte.<\/p>\n<p>All das folgt der \u00dcberzeugung, dass Demokratie mit all ihren Handlungsoptionen keine Selbstverst\u00e4ndlichkeit ist. Sondern ein gesellschaftlich erk\u00e4mpfter und letztlich fragiler Zustand. Er kann gewonnen werden. Aber auch verloren.<\/p>    <\/div>\n<\/div>\n<!-- \/module text --><!-- module text -->\n<div  class=\"module module-text tb_0ei2707   \" data-lazy=\"1\">\n        <div  class=\"tb_text_wrap\">\n        <h2>Was gef\u00f6rdert wird<\/h2>    <\/div>\n<\/div>\n<!-- \/module text --><!-- module text -->\n<div  class=\"module module-text tb_v57h987   \" data-lazy=\"1\">\n        <div  class=\"tb_text_wrap\">\n        <p>Das FC St. Pauli-Museum wird betrieben vom gemeinn\u00fctzigen<a href=\"https:\/\/www.fcstpauli-museum.de\/1910ev\/\" target=\"_blank\" rel=\"noopener\">\u00a01910 \u2013 Museum f\u00fcr den FC St. Pauli e.V.<\/a>\u00a0Unsere Kernkompetenz liegt in der politischen Bildung und Vermittlung.<\/p>\n<p>Das leben wir nicht nur in unseren Ausstellungen und Aktionen. Sondern ganz wesentlich auch in den Workshops unseres au\u00dferschulischen Lernorts\u00a0<a href=\"https:\/\/www.bildung-am-millerntor.de\/#home\" target=\"_blank\" rel=\"noopener\">BAM \u2013 Bildung am Millerntor<\/a>\u00a0zu gruppenbezogener Menschenfeindlichkeit, zur kritischen Aufarbeitung und Kommunikation der Geschichte des\u00a0<a href=\"http:\/\/www.fcstpauli-drittes-reich.de\/\" target=\"_blank\" rel=\"noopener\">FC St. Pauli in der NS-Zeit<\/a>\u00a0und der damit verbundenen Kontinuit\u00e4ten, zum Kampf gegen Rechts und Diskriminierung.<\/p>\n<p>Neben eigenen Projekten f\u00f6rdern wir auch externe Gruppen und Organisationen. Ein Schwerpunkt liegt auf antirassistischen Projekten aus Verein und Viertel.<\/p>    <\/div>\n<\/div>\n<!-- \/module text --><!-- module text -->\n<div  class=\"module module-text tb_9va5907   \" data-lazy=\"1\">\n        <div  class=\"tb_text_wrap\">\n        <h2>Wo kaufen<\/h2>    <\/div>\n<\/div>\n<!-- \/module text --><!-- module text -->\n<div  class=\"module module-text tb_ojwj907   \" data-lazy=\"1\">\n        <div  class=\"tb_text_wrap\">\n        <p>Alle Optionen unter <a href=\"https:\/\/www.keinweindenfaschisten.de\/kaufen-und-trinken\" target=\"_blank\" rel=\"noopener\">Kein Wein den Faschisten &#8211; Kaufen und trinken<\/a>.<\/p>\n<p>Diesen Wein kann man auch direkt online bei <a href=\"http:\/\/www.rindchen.de\/kwdf\" target=\"_blank\" rel=\"noopener\">Rindchen&#8217;s Weinkontor<\/a> bestellen.\u00a0<\/p>    <\/div>\n<\/div>\n<!-- \/module text --><!-- module image -->\n<div  class=\"module module-image tb_qd0d203 image-top   tf_mw\" data-lazy=\"1\">\n        <div class=\"image-wrap tf_rel tf_mw\">\n            <a href=\"https:\/\/www.keinweindenfaschisten.de\/weine\/\" rel=\"noopener\" target=\"_blank\">\n                   <img loading=\"lazy\" decoding=\"async\" width=\"1924\" height=\"720\" src=\"https:\/\/www.fcstpauli-museum.de\/kwdfi\/wp-content\/uploads\/sites\/24\/2021\/06\/SAH_1211_1924x720px.jpg\" class=\"wp-post-image wp-image-65\" title=\"Unsere anderen Weine\" alt=\"Unsere anderen Weine\" srcset=\"https:\/\/www.fcstpauli-museum.de\/kwdfi\/wp-content\/uploads\/sites\/24\/2021\/06\/SAH_1211_1924x720px.jpg 1924w, https:\/\/www.fcstpauli-museum.de\/kwdfi\/wp-content\/uploads\/sites\/24\/2021\/06\/SAH_1211_1924x720px-300x112.jpg 300w, https:\/\/www.fcstpauli-museum.de\/kwdfi\/wp-content\/uploads\/sites\/24\/2021\/06\/SAH_1211_1924x720px-1024x383.jpg 1024w, https:\/\/www.fcstpauli-museum.de\/kwdfi\/wp-content\/uploads\/sites\/24\/2021\/06\/SAH_1211_1924x720px-768x287.jpg 768w, https:\/\/www.fcstpauli-museum.de\/kwdfi\/wp-content\/uploads\/sites\/24\/2021\/06\/SAH_1211_1924x720px-1536x575.jpg 1536w\" sizes=\"auto, (max-width: 1924px) 100vw, 1924px\" \/>        <\/a>\n    \n        <\/div>\n    <!-- \/image-wrap -->\n    \n        <div class=\"image-content\">\n                    <h3 class=\"image-title\">\n                                    <a href=\"https:\/\/www.keinweindenfaschisten.de\/weine\/\" rel=\"noopener\" target=\"_blank\">\n                        Unsere anderen Weine                    <\/a>\n                            <\/h3>\n                    <\/div>\n    <!-- \/image-content -->\n        <\/div>\n<!-- \/module image -->        <div  data-lazy=\"1\" class=\"module_subrow themify_builder_sub_row tf_w col_align_top tb_col_count_3 tb_ou3f863\">\n                <div  data-lazy=\"1\" class=\"module_column sub_column col3-1 tb_iwm8865 first\">\n                            <\/div>\n                    <div  data-lazy=\"1\" class=\"module_column sub_column col3-1 tb_hb1c866\">\n                            <\/div>\n                    <div  data-lazy=\"1\" class=\"module_column sub_column col3-1 tb_kzft866 last\">\n                            <\/div>\n                    <\/div>\n                <\/div>\n                        <\/div>\n        <\/div>\n        <\/div>\n<!--\/themify_builder_content-->","protected":false},"excerpt":{"rendered":"<p>Alexander Flick | Cuv\u00e9e Wei\u00dfburgunder-Chardonnay Ein Cuv\u00e9e, wie er sein soll: In diesem Wein aus Rheinhessen treffen zwei Rebsorten aufeinander, die sich perfekt erg\u00e4nzen. W\u00e4hrend der Wei\u00dfburgunder f\u00fcr Fruchtigkeit und [&hellip;]<\/p>\n","protected":false},"author":1,"featured_media":0,"parent":0,"menu_order":0,"comment_status":"closed","ping_status":"closed","template":"","meta":{"_acf_changed":false,"footnotes":""},"class_list":["post-76","page","type-page","status-publish","hentry","has-post-title","has-post-date","has-post-category","has-post-tag","has-post-comment","has-post-author",""],"acf":[],"yoast_head":"<!-- This site is optimized with the Yoast SEO plugin v26.6 - https:\/\/yoast.com\/wordpress\/plugins\/seo\/ -->\n<title>Alexander Flick | Cuv\u00e9e Wei\u00dfburgunder-Chardonnay - KEIN WEIN DEN FASCHISTEN<\/title>\n<meta name=\"robots\" content=\"index, follow, max-snippet:-1, max-image-preview:large, max-video-preview:-1\" \/>\n<link rel=\"canonical\" href=\"https:\/\/www.fcstpauli-museum.de\/kwdfi\/s4\/\" \/>\n<meta property=\"og:locale\" content=\"de_DE\" \/>\n<meta property=\"og:type\" content=\"article\" \/>\n<meta property=\"og:title\" content=\"Alexander Flick | Cuv\u00e9e Wei\u00dfburgunder-Chardonnay - KEIN WEIN DEN FASCHISTEN\" \/>\n<meta property=\"og:description\" content=\"Alexander Flick | Cuv\u00e9e Wei\u00dfburgunder-Chardonnay Ein Cuv\u00e9e, wie er sein soll: In diesem Wein aus Rheinhessen treffen zwei Rebsorten aufeinander, die sich perfekt erg\u00e4nzen. W\u00e4hrend der Wei\u00dfburgunder f\u00fcr Fruchtigkeit und [&hellip;]\" \/>\n<meta property=\"og:url\" content=\"https:\/\/www.fcstpauli-museum.de\/kwdfi\/s4\/\" \/>\n<meta property=\"og:site_name\" content=\"KEIN WEIN DEN FASCHISTEN\" \/>\n<meta property=\"article:modified_time\" content=\"2021-06-19T09:41:56+00:00\" \/>\n<meta property=\"og:image\" content=\"https:\/\/www.fcstpauli-museum.de\/kwdfi\/wp-content\/uploads\/sites\/24\/2021\/06\/SAH_0959-scaled.jpg\" \/>\n<meta name=\"twitter:card\" content=\"summary_large_image\" \/>\n<meta name=\"twitter:label1\" content=\"Gesch\u00e4tzte Lesezeit\" \/>\n\t<meta name=\"twitter:data1\" content=\"2\u00a0Minuten\" \/>\n<script type=\"application\/ld+json\" class=\"yoast-schema-graph\">{\"@context\":\"https:\/\/schema.org\",\"@graph\":[{\"@type\":\"WebPage\",\"@id\":\"https:\/\/www.fcstpauli-museum.de\/kwdfi\/s4\/\",\"url\":\"https:\/\/www.fcstpauli-museum.de\/kwdfi\/s4\/\",\"name\":\"Alexander Flick | Cuv\u00e9e Wei\u00dfburgunder-Chardonnay - KEIN WEIN DEN FASCHISTEN\",\"isPartOf\":{\"@id\":\"https:\/\/www.fcstpauli-museum.de\/kwdfi\/#website\"},\"primaryImageOfPage\":{\"@id\":\"https:\/\/www.fcstpauli-museum.de\/kwdfi\/s4\/#primaryimage\"},\"image\":{\"@id\":\"https:\/\/www.fcstpauli-museum.de\/kwdfi\/s4\/#primaryimage\"},\"thumbnailUrl\":\"https:\/\/www.fcstpauli-museum.de\/kwdfi\/wp-content\/uploads\/sites\/24\/2021\/06\/SAH_0959-scaled.jpg\",\"datePublished\":\"2021-06-19T09:37:55+00:00\",\"dateModified\":\"2021-06-19T09:41:56+00:00\",\"breadcrumb\":{\"@id\":\"https:\/\/www.fcstpauli-museum.de\/kwdfi\/s4\/#breadcrumb\"},\"inLanguage\":\"de\",\"potentialAction\":[{\"@type\":\"ReadAction\",\"target\":[\"https:\/\/www.fcstpauli-museum.de\/kwdfi\/s4\/\"]}]},{\"@type\":\"ImageObject\",\"inLanguage\":\"de\",\"@id\":\"https:\/\/www.fcstpauli-museum.de\/kwdfi\/s4\/#primaryimage\",\"url\":\"https:\/\/www.fcstpauli-museum.de\/kwdfi\/wp-content\/uploads\/sites\/24\/2021\/06\/SAH_0959-scaled.jpg\",\"contentUrl\":\"https:\/\/www.fcstpauli-museum.de\/kwdfi\/wp-content\/uploads\/sites\/24\/2021\/06\/SAH_0959-scaled.jpg\",\"width\":2560,\"height\":1704,\"caption\":\"Flasche KWdF Weissburgunder-Chardonnay 2 Gl\u00e4ser\"},{\"@type\":\"BreadcrumbList\",\"@id\":\"https:\/\/www.fcstpauli-museum.de\/kwdfi\/s4\/#breadcrumb\",\"itemListElement\":[{\"@type\":\"ListItem\",\"position\":1,\"name\":\"Start\",\"item\":\"https:\/\/www.fcstpauli-museum.de\/kwdfi\/\"},{\"@type\":\"ListItem\",\"position\":2,\"name\":\"Alexander Flick | Cuv\u00e9e Wei\u00dfburgunder-Chardonnay\"}]},{\"@type\":\"WebSite\",\"@id\":\"https:\/\/www.fcstpauli-museum.de\/kwdfi\/#website\",\"url\":\"https:\/\/www.fcstpauli-museum.de\/kwdfi\/\",\"name\":\"KEIN WEIN DEN FASCHISTEN\",\"description\":\"Eine weitere Blog 1910 Museum f\u00fcr den FC St. Pauli e.V. Sites Website\",\"potentialAction\":[{\"@type\":\"SearchAction\",\"target\":{\"@type\":\"EntryPoint\",\"urlTemplate\":\"https:\/\/www.fcstpauli-museum.de\/kwdfi\/?s={search_term_string}\"},\"query-input\":{\"@type\":\"PropertyValueSpecification\",\"valueRequired\":true,\"valueName\":\"search_term_string\"}}],\"inLanguage\":\"de\"}]}<\/script>\n<!-- \/ Yoast SEO plugin. -->","yoast_head_json":{"title":"Alexander Flick | Cuv\u00e9e Wei\u00dfburgunder-Chardonnay - KEIN WEIN DEN FASCHISTEN","robots":{"index":"index","follow":"follow","max-snippet":"max-snippet:-1","max-image-preview":"max-image-preview:large","max-video-preview":"max-video-preview:-1"},"canonical":"https:\/\/www.fcstpauli-museum.de\/kwdfi\/s4\/","og_locale":"de_DE","og_type":"article","og_title":"Alexander Flick | Cuv\u00e9e Wei\u00dfburgunder-Chardonnay - KEIN WEIN DEN FASCHISTEN","og_description":"Alexander Flick | Cuv\u00e9e Wei\u00dfburgunder-Chardonnay Ein Cuv\u00e9e, wie er sein soll: In diesem Wein aus Rheinhessen treffen zwei Rebsorten aufeinander, die sich perfekt erg\u00e4nzen. W\u00e4hrend der Wei\u00dfburgunder f\u00fcr Fruchtigkeit und [&hellip;]","og_url":"https:\/\/www.fcstpauli-museum.de\/kwdfi\/s4\/","og_site_name":"KEIN WEIN DEN FASCHISTEN","article_modified_time":"2021-06-19T09:41:56+00:00","og_image":[{"url":"https:\/\/www.fcstpauli-museum.de\/kwdfi\/wp-content\/uploads\/sites\/24\/2021\/06\/SAH_0959-scaled.jpg","type":"","width":"","height":""}],"twitter_card":"summary_large_image","twitter_misc":{"Gesch\u00e4tzte Lesezeit":"2\u00a0Minuten"},"schema":{"@context":"https:\/\/schema.org","@graph":[{"@type":"WebPage","@id":"https:\/\/www.fcstpauli-museum.de\/kwdfi\/s4\/","url":"https:\/\/www.fcstpauli-museum.de\/kwdfi\/s4\/","name":"Alexander Flick | Cuv\u00e9e Wei\u00dfburgunder-Chardonnay - KEIN WEIN DEN FASCHISTEN","isPartOf":{"@id":"https:\/\/www.fcstpauli-museum.de\/kwdfi\/#website"},"primaryImageOfPage":{"@id":"https:\/\/www.fcstpauli-museum.de\/kwdfi\/s4\/#primaryimage"},"image":{"@id":"https:\/\/www.fcstpauli-museum.de\/kwdfi\/s4\/#primaryimage"},"thumbnailUrl":"https:\/\/www.fcstpauli-museum.de\/kwdfi\/wp-content\/uploads\/sites\/24\/2021\/06\/SAH_0959-scaled.jpg","datePublished":"2021-06-19T09:37:55+00:00","dateModified":"2021-06-19T09:41:56+00:00","breadcrumb":{"@id":"https:\/\/www.fcstpauli-museum.de\/kwdfi\/s4\/#breadcrumb"},"inLanguage":"de","potentialAction":[{"@type":"ReadAction","target":["https:\/\/www.fcstpauli-museum.de\/kwdfi\/s4\/"]}]},{"@type":"ImageObject","inLanguage":"de","@id":"https:\/\/www.fcstpauli-museum.de\/kwdfi\/s4\/#primaryimage","url":"https:\/\/www.fcstpauli-museum.de\/kwdfi\/wp-content\/uploads\/sites\/24\/2021\/06\/SAH_0959-scaled.jpg","contentUrl":"https:\/\/www.fcstpauli-museum.de\/kwdfi\/wp-content\/uploads\/sites\/24\/2021\/06\/SAH_0959-scaled.jpg","width":2560,"height":1704,"caption":"Flasche KWdF Weissburgunder-Chardonnay 2 Gl\u00e4ser"},{"@type":"BreadcrumbList","@id":"https:\/\/www.fcstpauli-museum.de\/kwdfi\/s4\/#breadcrumb","itemListElement":[{"@type":"ListItem","position":1,"name":"Start","item":"https:\/\/www.fcstpauli-museum.de\/kwdfi\/"},{"@type":"ListItem","position":2,"name":"Alexander Flick | Cuv\u00e9e Wei\u00dfburgunder-Chardonnay"}]},{"@type":"WebSite","@id":"https:\/\/www.fcstpauli-museum.de\/kwdfi\/#website","url":"https:\/\/www.fcstpauli-museum.de\/kwdfi\/","name":"KEIN WEIN DEN FASCHISTEN","description":"Eine weitere Blog 1910 Museum f\u00fcr den FC St. Pauli e.V. Sites Website","potentialAction":[{"@type":"SearchAction","target":{"@type":"EntryPoint","urlTemplate":"https:\/\/www.fcstpauli-museum.de\/kwdfi\/?s={search_term_string}"},"query-input":{"@type":"PropertyValueSpecification","valueRequired":true,"valueName":"search_term_string"}}],"inLanguage":"de"}]}},"_links":{"self":[{"href":"https:\/\/www.fcstpauli-museum.de\/kwdfi\/wp-json\/wp\/v2\/pages\/76","targetHints":{"allow":["GET"]}}],"collection":[{"href":"https:\/\/www.fcstpauli-museum.de\/kwdfi\/wp-json\/wp\/v2\/pages"}],"about":[{"href":"https:\/\/www.fcstpauli-museum.de\/kwdfi\/wp-json\/wp\/v2\/types\/page"}],"author":[{"embeddable":true,"href":"https:\/\/www.fcstpauli-museum.de\/kwdfi\/wp-json\/wp\/v2\/users\/1"}],"replies":[{"embeddable":true,"href":"https:\/\/www.fcstpauli-museum.de\/kwdfi\/wp-json\/wp\/v2\/comments?post=76"}],"version-history":[{"count":4,"href":"https:\/\/www.fcstpauli-museum.de\/kwdfi\/wp-json\/wp\/v2\/pages\/76\/revisions"}],"predecessor-version":[{"id":90,"href":"https:\/\/www.fcstpauli-museum.de\/kwdfi\/wp-json\/wp\/v2\/pages\/76\/revisions\/90"}],"wp:attachment":[{"href":"https:\/\/www.fcstpauli-museum.de\/kwdfi\/wp-json\/wp\/v2\/media?parent=76"}],"curies":[{"name":"wp","href":"https:\/\/api.w.org\/{rel}","templated":true}]}}